 Let i(h) = 2*h**2 + 2. Let t be i(-3). Suppose -42 = -w + t. Calculate the remainder when w is divided by y(-6).
20
Let r = 0 - -3. Suppose -3*g + 26 = 2*t - 6*t, -22 = -r*g + 5*t. What is the remainder when 41 is divided by g?
13
Suppose 4*b - y - 32 = -3*y, -2*b - 3*y = -8. Suppose -3*r - 15 = -8*r. What is the remainder when b is divided by r?
1
Suppose 0 - 1 = -h, -3*h - 12 = -3*r. Let n = r - 6. What is the remainder when 0/(-2) + n + 3 is divided by 1?
0
Suppose 0*m + 115 = 5*m. Let b(k) be the third derivative of k**5/20 - k**4/12 + k**2. What is the remainder when m is divided by b(2)?
7
Suppose -2*t - 3*m + 12 = -0*t, 0 = -3*t + 5*m - 20. Suppose 0 = -4*h + 44 - t. Calculate the remainder when h is divided by 7.
4
What is the remainder when 4*(-1 + 0)*237/(-12) is divided by 28?
23
Suppose 3*v - 12 = 15. What is the remainder when (-1)/(2*(-2)/104) is divided by v?
8
Suppose 31 = 2*k - 19. What is the remainder when k is divided by 9?
7
Suppose 0 = 2*z - 7*z + 50. Let t(s) = -s - 4*s + 6*s + 13. What is the remainder when t(z) is divided by 8?
7
Let k(n) = n**2 - 14*n + 19. Let p = 27 + -14. What is the remainder when 9 is divided by k(p)?
3
Suppose 5*f - 7 = 3. Let h(m) = 2*m**3 + m**2 - m - 2. Calculate the remainder when h(f) is divided by -1 + 0 - (1 - 8).
4
Let j = -48 - -60. What is the remainder when 33 is divided by j?
9
Suppose -q + 3*q - 266 = 0. Let m = q - 91. What is the remainder when m is divided by 15?
12
Suppose -2*g - 3*o = -19, 2*g + o + 4 = 21. What is the remainder when 22 is divided by g?
6
Suppose 34 = -5*a + 124. Suppose -d + 0*r + 5*r - a = 0, -5*d - r + 40 = 0. Calculate the remainder when 18 is divided by d.
4
Let h(m) = m**3 + 3*m**2 - 3*m. Let g = 22 + -17. Calculate the remainder when h(2) is divided by g.
4
Suppose -33 = 2*o - 5*o. Let t be 302/3 - 2/3. Suppose u = -4*u + t. Calculate the remainder when u is divided by o.
9
Let r = 35 + -33. What is the remainder when r is divided by 1?
0
Calculate the remainder when (2/((-16)/38))/(1/(-16)) is divided by 27.
22
Let f(m) = 2*m - 12. Let n be f(6). Suppose n = o - 4*o + 69. What is the remainder when 68 is divided by o?
22
Let l be (12/(-3) + 3)*-11. Suppose d + 0 - l = 0. What is the remainder when d is divided by 6?
5
Suppose o - 89 - 76 = 0. Calculate the remainder when o is divided by 21.
18
Let f(d) = -3*d + 2. Let b(q) = 17*q**3 - q + 1. Let o be b(1). Let u = 24 - o. What is the remainder when f(-6) is divided by u?
6
Suppose -u - 2*u = 4*h - 157, -2*u = -5*h + 202. Suppose 4*t - h = -t. What is the remainder when t is divided by 3?
2
Suppose 4 = 3*j - 29. Let s(h) = -h**2 + 2*h + 42. Calculate the remainder when s(0) is divided by j.
9
Let k(d) = 7*d + 2. Let h be k(2). Let z = 11 - h. Let a = z - -13. What is the remainder when 14 is divided by a?
6
Let n = 24 + -13. What is the remainder when 30 is divided by n?
8
Suppose 4*y - 17 = -5. Calculate the remainder when 107/y + (-2)/3 is divided by 9.
8
Let w(c) = c**2 + 3*c. Let s be w(-3). Suppose s*m = m - 3. What is the remainder when 5 is divided by m?
2
Suppose -6*x + 3*x = -156. Let z = -11 + x. What is the remainder when z is divided by 15?
11
Let n(u) = -u**2 - u + 1. Let f(j) = 4*j**2 + 10*j - 1. Let l(q) = -f(q) - 6*n(q). Let r(x) = 16*x. What is the remainder when r(2) is divided by l(4)?
10
Let c(l) = -5*l - 8. Let a be c(-6). Let t = 46 - a. Suppose -3*h + 8*h - 65 = 0. What is the remainder when t is divided by h?
11
Let a be (3/2)/(6/52). Suppose y - a - 3 = -g, -5*y = -4*g + 64. Calculate the remainder when 30 is divided by g.
14
Suppose 9 = 2*v - 5*g, -12 = -v - 0*v - 5*g. Let p(m) be the first derivative of m**3/3 + m**2/2 - 5*m - 1. What is the remainder when p(-6) is divided by v?
4
Let z(k) = 2*k**2 + 2. Let h = 3 + 3. What is the remainder when z(2) is divided by h?
4
Let d(h) = h - 9. Let f be d(6). Let m(k) = -2*k**3 - 3*k**2 + k - 2. Calculate the remainder when m(f) is divided by 12.
10
Let d(w) = w - 6. Let q be d(6). Suppose -10 + q = -5*u. Calculate the remainder when (2 + 2)*9/18 is divided by u.
0
Suppose -s - s + 26 = 0. Suppose 0 = -0*u + 4*u + 4. Let r = s + u. Calculate the remainder when 33 is divided by r.
9
Suppose 5*c = -m - m - 35, -5*m = -5*c. Let s = 1 - c. Calculate the remainder when -1 + (13 - (1 + 0)) is divided by s.
5
What is the remainder when 29 is divided by -7 + 14 + 1*3?
9
Suppose 0 = 2*u + 3*u + g - 29, 0 = -2*u + 3*g - 2. Let v = -41 + 58. Calculate the remainder when v is divided by u.
2
Let x = 10 - 6. What is the remainder when 73 is divided by -3 + x + 19 + -1?
16
Let b(c) = -c**2 + 10*c + 1. What is the remainder when b(7) is divided by 6?
4
Let p(z) = 5*z - 5. Let h(c) = -c. Let l(n) = -2*h(n) + p(n). What is the remainder when l(10) is divided by 17?
14
Let n(k) = -k**2 - 8*k + 6. Calculate the remainder when (6 - 6) + (-120)/(-3) is divided by n(-5).
19
Let w be -3 + -2*6/(-2). Suppose -4*d - r + 64 = 0, w*r - 1 = -d - r. What is the remainder when d is divided by 10?
7
Let x = -61 - -110. Calculate the remainder when x is divided by 26.
23
Suppose -2*f + 0*f - 16 = 0. Let y = f + 15. What is the remainder when 10 is divided by y?
3
Calculate the remainder when 37 is divided by 20/(-25)*50/(-4).
7
Let i be 11*3*1 - 1. Suppose 3*w + y = 46, -w + i = -0*y - 3*y. Suppose 0 = -2*x + 3*x - w. Calculate the remainder when 32 is divided by x.
15
Suppose -4*l - 1 = 3. Suppose -4*u = -3*u - 4. What is the remainder when (-1)/(-2)*l*-22 is divided by u?
3
Let u = 11 - 7. Suppose 3*p = u*r - 25, -7*p - 3*r - 90 = -2*p. Let l = -7 - p. What is the remainder when l is divided by 3?
2
Suppose 5*g - 8*g + 285 = 0. What is the remainder when g is divided by 24?
23
Suppose -24 = -6*k + 12. Calculate the remainder when 11 + 2/1 - -2 is divided by k.
3
Let q(l) = 5*l**3 - l**2 + l. Let h = -7 - -8. Suppose -2*w + 40 = 3*w. What is the remainder when w is divided by q(h)?
3
Let i = -107 + 152. What is the remainder when i is divided by 12?
9
Let p(i) = 6*i + 5. Let f(v) = -5*v + 4. Let j be f(-3). Let z = 31 - j. What is the remainder when p(5) is divided by z?
11
Suppose -5*v = -2*i + 59, 0*i + 4*v - 230 = -5*i. Calculate the remainder when 123 is divided by i.
39
Let u(y) = 3*y - 6. Let m be u(-7). Suppose -2*a + 156 = 4*l, 184 + 14 = 3*a - 3*l. Let s = m + a. Calculate the remainder when s is divided by 22.
21
Let p = 13 - 9. Calculate the remainder when 23 is divided by p.
3
Let t = 14 + -1. What is the remainder when 24 is divided by t?
11
Suppose -191 = -4*u - 2*b + b, -2*b = -5*u + 242. Calculate the remainder when u is divided by 0 + 1/((-2)/(-20)).
8
Let s(z) = z**2 + 2*z - 5. Let q be s(-4). Suppose u - 4*a - 31 = -q*a, 4*u = -2*a + 106. Suppose 0*h = 4*h - u. Calculate the remainder when h is divided by 5.
2
Let h(m) = 2*m**2 - 5*m + 6. Let t(s) = s**3 - 12*s**2 - s + 16. Let i be t(12). Suppose 2*a - 7 - 63 = 0. What is the remainder when a is divided by h(i)?
17
Let t = -56 - -108. Suppose 5*m = -12 + t. Calculate the remainder when 21 is divided by m.
5
Suppose 4*g - 129 = -3*n - 0*g, 0 = -4*n - 3*g + 172. Calculate the remainder when n is divided by 11.
10
Calculate the remainder when 6 is divided by 56/7 + 8/(-2).
2
Suppose 4*w + 204 = 5*k, -2*k - w + 180 = 2*k. Calculate the remainder when k is divided by 9.
8
Calculate the remainder when (-7065)/(-39) + (-4)/26 is divided by 46.
43
Calculate the remainder when 62 is divided by 55/6 - 6/36.
8
Suppose -2*u + 129 = u. Suppose 4*n = -5*v + 91, n + 3*n - 16 = 0. Calculate the remainder when u is divided by v.
13
Let p(o) = -2*o**3 + 14*o**2 - 8*o + 2. What is the remainder when 179 is divided by p(6)?
23
Let o(k) = -k**3 - 7*k**2 - 8*k + 5. What is the remainder when o(-6) is divided by 6?
5
Suppose -19*q = -4*q - 345. Calculate the remainder when q is divided by 14.
9
Let m(i) = i**3 + 5*i**2 - 7*i + 2. Calculate the remainder when 258 is divided by m(-5).
36
Calculate the remainder when -5 + 6 - (0 + 0) is divided by 3/6*(9 + -7).
0
Suppose 0 = -x - 2*x + 15. Calculate the remainder when 8 is divided by x.
3
Suppose -5*g - 2*b + 9 + 6 = 0, -3*g + 3*b + 9 = 0. Suppose -g*s + 124 = s. What is the remainder when s is divided by 11?
9
Suppose 0 = -0*d - 2*d. Calculate the remainder when 64 